Is 15151382 a prime number?
False
Is 1327561 a composite number?
False
Is 1344071 composite?
True
Is 755714471 a prime number?
True
Is 2312021 composite?
False
Is 11544035 a prime number?
False
Is 530429 composite?
False
Is 35331977 a composite number?
True
Is 23896627 a composite number?
True
Is 600575267 prime?
False
Is 333747371 prime?
True
Is 35171177 composite?
True
Is 19971857 a prime number?
True
Is 2326393 composite?
True
Is 35419 a prime number?
True
Is 15683377 a prime number?
False
Is 359099027 a composite number?
True
Is 4557673 prime?
True
Is 332837 prime?
True
Is 2326007 a prime number?
True
Is 354209 prime?
True
Is 36317291 prime?
True
Is 6138647 a composite number?
False
Is 832435 composite?
True
Is 25767571 prime?
False
Is 8364431 prime?
True
Is 533736557 composite?
True
Is 11779307 a prime number?
False
Is 17389811 composite?
False
Is 68461 prime?
False
Is 90975965 a prime number?
False
Is 1505561 prime?
False
Is 569047 prime?
True
Is 55394509 prime?
True
Is 2247293 composite?
False
Is 9996089 a prime number?
True
Is 2673133 prime?
False
Is 10300931 a composite number?
False
Is 3952457 a prime number?
False
Is 2100181 a prime number?
True
Is 5372413 a composite number?
False
Is 240486041 composite?
False
Is 165701 composite?
False
Is 5992387 a composite number?
True
Is 20219597 a prime number?
True
Is 14153989 a composite number?
False
Is 34009687 a prime number?
False
Is 12854383 prime?
True
Is 14331203 a prime number?
True
Is 13189321 composite?
False
Is 15454658 composite?
True
Is 21613271 prime?
False
Is 14064077 a prime number?
True
Is 10175306 a prime number?
False
Is 38053909 a prime number?
True
Is 4454473 composite?
False
Is 96451057 composite?
True
Is 4356509 a composite number?
True
Is 8011307 a prime number?
False
Is 2823047 a prime number?
True
Is 21656627 prime?
True
Is 2838091 prime?
True
Is 214127 composite?
True
Is 64489469 a composite number?
True
Is 1227427 a prime number?
False
Is 2949839 a prime number?
True
Is 18168157 a prime number?
False
Is 938893 composite?
True
Is 29383987 a composite number?
False
Is 1475629 a prime number?
False
Is 1557947 prime?
True
Is 63750773 composite?
True
Is 33501239 a prime number?
True
Is 10178017 a composite number?
False
Is 322906 a prime number?
False
Is 1957337 prime?
False
Is 16006103 a prime number?
True
Is 63881411 prime?
False
Is 9481249 prime?
True
Is 327308903 a prime number?
True
Is 1577873 composite?
True
Is 106578121 a composite number?
True
Is 25172309 prime?
True
Is 2412721 a composite number?
False
Is 117743677 composite?
True
Is 19216207 a prime number?
False
Is 1579469 a prime number?
True
Is 1909267 a composite number?
False
Is 15542297 prime?
False
Is 1719481 a composite number?
True
Is 17868359 a composite number?
False
Is 387578113 composite?
True
Is 13366349 prime?
False
Is 52623029 composite?
True
Is 8258001 a composite number?
True
Is 2559961 a composite number?
True
Is 44131531 composite?
False
Is 141587 prime?
True
Is 9776369 prime?
True
Is 38214577 a composite number?
False
Is 796253 prime?
False
Is 3235159 a prime number?
True
Is 12848945 a composite number?
True
Is 377004889 prime?
True
Is 21920351 prime?
False
Is 423161 a composite number?
True
Is 243944543 a prime number?
False
Is 37292539 composite?
False
Is 1276529 a prime number?
True
Is 11920789 composite?
False
Is 11857873 composite?
False
Is 136910281 composite?
False
Is 202046177 prime?
True
Is 8362619 composite?
False
Is 9759187 a prime number?
True
Is 15678551 a composite number?
True
Is 116627851 a composite number?
False
Is 549644947 a prime number?
True
Is 81849377 a prime number?
True
Is 12511381 prime?
False
Is 898118849 a prime number?
True
Is 2142617 a composite number?
True
Is 36628913 composite?
True
Is 444112211 a composite number?
False
Is 759268877 composite?
False
Is 84508933 prime?
True
Is 119136967 a prime number?
True
Is 1354123 a composite number?
True
Is 11950339 prime?
True
Is 15391997 composite?
True
Is 704621 a prime number?
False
Is 422029 prime?
True
Is 5413129 a prime number?
True
Is 228072007 a composite number?
False
Is 397949 a composite number?
True
Is 13581287 composite?
False
Is 9016193 a composite number?
False
Is 93534437 a composite number?
False
Is 12036691 composite?
False
Is 3325787 a composite number?
False
Is 154556377 composite?
False
Is 108156049 composite?
True
Is 12290071 prime?
True
Is 825449549 a composite number?
True
Is 9788329 a prime number?
True
Is 6737167 a prime number?
False
Is 294682159 composite?
True
Is 62471111 prime?
True
Is 697139183 composite?
True
Is 35744129 prime?
True
Is 1699667 a composite number?
False
Is 31449553 a prime number?
True
Is 28999115 a composite number?
True
Is 44552227 composite?
True
Is 2264083 prime?
False
Is 110380705 a composite number?
True
Is 311549621 prime?
True
Is 5686397 a composite number?
False
Is 718687 a composite number?
True
Is 65327587 a prime number?
False
Is 646478611 a composite number?
True
Is 276952033 a prime number?
False
Is 61654189 a composite number?
True
Is 8418073 a prime number?
False
Is 24157761 a composite number?
True
Is 9259073 a prime number?
True
Is 668687 a composite number?
False
Is 4819453 composite?
True
Is 26539411 prime?
False
Is 2444479 a composite number?
True
Is 1740877 composite?
False
Is 436571 a prime number?
True
Is 9403621 a composite number?
False
Is 12330161 prime?
True
Is 515041 composite?
False
Is 73305217 a composite number?
True
Is 22441 composite?
False
Is 48464467 composite?
True
Is 92014418 composite?
True
Is 1388383 composite?
True
Is 70459171 a prime number?
True
Is 6822043 prime?
True
Is 27959327 a composite number?
True
Is 23248739 a composite number?
False
Is 4455949 composite?
False
Is 12774299 a prime number?
True
Is 2836647473 a composite number?
True
Is 7379569 a composite number?
False
Is 7502533 composite?
False
Is 2428809 a prime number?
False
Is 3984859 a prime number?
True
Is 72295579 prime?
False
Is 335451587 composite?
True
Is 142810979 a composite number?
True
Is 78572897 prime?
False
Is 17295283 a composite number?
True
Is 40816309 composite?
False
Is 25933109 prime?
False
Is 14402911 composite?
False
Is 49720109 a prime number?
True
Is 1891619 a prime number?
True
Is 57834967 composite?
True
Is 1148501 a composite number?
False
Is 1014598763 a prime number?
True
Is 246072241 a composite number?
True
Is 1823093 a composite number?
False
Is 8720471 composite?
False
Is 91001851 composite?
True
Is 2013683 composite?
True
Is 9746447 prime?
True
Is 27121019 a composite number?
False
Is 509617 a composite number?
True
Is 378997 a composite number?
False
Is 167577313 a composite number?
True
Is 2393249 a prime number?
False
Is 467368451 composite?
True
Is 28485053 a composite number?
False
Is 5649157 prime?
True
Is 138074114 prime?
False
Is 43645499 composite?
True
Is 9182903 composite?
False
Is 622783 composite?
True
Is 7242297 a composite number?
True
Is 16127 prime?
True
Is 613722866 composite?
True
Is 2616259 a composite number?
True
Is 22428203 a composite number?
True
Is 6463163 prime?
False
Is 166277753 a prime number?
False
Is 73276393 a prime number?
False
Is 41113921 prime?
True
Is 5223343 prime?
True
Is 3002203 a composite number?
True
Is 178539601 prime?
False
Is 42999251 prime?
False
Is 4355623 a prime number?
True
Is 233596159 a prime number?
True
Is 91741 prime?
False
Is 562249 composite?
True
Is 764531 a composite number?
True
Is 8164441 composite?
False
Is 4357 a composite number?
False
Is 411239777 prime?
False
Is 41906602 composite?
True
Is 28396999 a prime number?
False
Is 4923449 composite?
True
Is 850461 a composite number?
True
Is 52590341 composite?
True
Is 116596691 prime?
False
Is 743137 a prime number?
True
Is 85072891 prime?
False
Is 1877147 a composite number?
False
Is 5119117 composite?
False
Is 15948823 composite?
True
Is 6026201 a prime number?
False
Is 5187089 composite?
False
Is 5459933 prime?
False
Is 23429386 a prime number?
False
Is 157416541 prime?
True
Is 69183613 a prime number?
True
Is 162456685 composite?
True
Is 719919491 prime?
False
Is 1795193 a composite number?
True
Is 11251129 prime?
True
Is 22699337 a prime number?
True
Is 2971159 composite?
False
Is 650113 a prime number?
False
Is 